alculate the remainder when 18487 is divided by 52.
27
Calculate the remainder when 190237 is divided by 63407.
16
Calculate the remainder when 276235 is divided by 133.
127
What is the remainder when 6058 is divided by 1309?
822
What is the remainder when 13110 is divided by 389?
273
Calculate the remainder when 646536 is divided by 323266.
4
Calculate the remainder when 12705 is divided by 89.
67
What is the remainder when 306951 is divided by 17?
16
What is the remainder when 11647 is divided by 2911?
3
Calculate the remainder when 40476 is divided by 3372.
12
What is the remainder when 13221 is divided by 3305?
1
Calculate the remainder when 320647 is divided by 156.
67
What is the remainder when 108430 is divided by 108?
106
What is the remainder when 752 is divided by 418?
334
What is the remainder when 1264 is divided by 223?
149
Calculate the remainder when 144277 is divided by 55.
12
What is the remainder when 1508 is divided by 1059?
449
What is the remainder when 69811 is divided by 66?
49
Calculate the remainder when 2855 is divided by 14.
13
Calculate the remainder when 17772 is divided by 1002.
738
Calculate the remainder when 48345 is divided by 1231.
336
Calculate the remainder when 2181 is divided by 213.
51
What is the remainder when 22590 is divided by 4504?
70
Calculate the remainder when 131521 is divided by 131469.
52
Calculate the remainder when 3695900 is divided by 238.
236
Calculate the remainder when 4140 is divided by 503.
116
What is the remainder when 1804 is divided by 212?
108
What is the remainder when 60583 is divided by 1513?
63
What is the remainder when 4384 is divided by 1095?
4
What is the remainder when 35782 is divided by 58?
54
What is the remainder when 44413 is divided by 240?
13
Calculate the remainder when 2334 is divided by 2326.
8
What is the remainder when 2183 is divided by 2164?
19
Calculate the remainder when 157990 is divided by 45.
40
Calculate the remainder when 730824 is divided by 13.
3
Calculate the remainder when 68050 is divided by 50.
0
What is the remainder when 32818 is divided by 37?
36
Calculate the remainder when 3828 is divided by 255.
3
What is the remainder when 81854 is divided by 8?
6
Calculate the remainder when 7217 is divided by 187.
111
What is the remainder when 782 is divided by 226?
104
Calculate the remainder when 2346311 is divided by 782103.
2
Calculate the remainder when 103230 is divided by 103223.
7
What is the remainder when 1021 is divided by 647?
374
Calculate the remainder when 82808 is divided by 15.
8
Calculate the remainder when 664 is divided by 1.
0
Calculate the remainder when 3628138 is divided by 599.
594
Calculate the remainder when 17968 is divided by 10.
8
Calculate the remainder when 1804 is divided by 35.
19
What is the remainder when 1738 is divided by 729?
280
What is the remainder when 321540 is divided by 138?
0
What is the remainder when 16842 is divided by 5153?
1383
Calculate the remainder when 25342 is divided by 137.
134
Calculate the remainder when 3094 is divided by 1528.
38
Calculate the remainder when 169522 is divided by 121.
1
What is the remainder when 69375 is divided by 194?
117
Calculate the remainder when 7878 is divided by 3916.
46
What is the remainder when 856 is divided by 46?
28
Calculate the remainder when 150345 is divided by 6013.
20
What is the remainder when 29694 is divided by 29680?
14
Calculate the remainder when 10498 is divided by 148.
138
What is the remainder when 11080 is divided by 308?
300
What is the remainder when 2166913 is divided by 206?
205
Calculate the remainder when 805333 is divided by 584.
581
What is the remainder when 2332924 is divided by 777637?
13
What is the remainder when 289862 is divided by 528?
518
What is the remainder when 4208 is divided by 187?
94
What is the remainder when 115177 is divided by 26?
23
What is the remainder when 3361 is divided by 668?
21
What is the remainder when 3972 is divided by 921?
288
Calculate the remainder when 1186 is divided by 151.
129
Calculate the remainder when 1286 is divided by 1244.
42
What is the remainder when 26169 is divided by 467?
17
What is the remainder when 14962 is divided by 7467?
28
Calculate the remainder when 343442 is divided by 34341.
32
What is the remainder when 3026832 is divided by 1513414?
4
What is the remainder when 202993 is divided by 1310?
1253
What is the remainder when 1508 is divided by 484?
56
Calculate the remainder when 37323 is divided by 124.
123
What is the remainder when 4399 is divided by 2104?
191
What is the remainder when 9097 is divided by 662?
491
What is the remainder when 333839 is divided by 44?
11
What is the remainder when 226544 is divided by 25?
19
Calculate the remainder when 90272 is divided by 496.
0
What is the remainder when 6547 is divided by 5309?
1238
What is the remainder when 2806573 is divided by 15?
13
What is the remainder when 68263 is divided by 23?
22
Calculate the remainder when 6959 is divided by 84.
71
Calculate the remainder when 8774 is divided by 366.
356
Calculate the remainder when 61978 is divided by 61947.
31
Calculate the remainder when 1297 is divided by 581.
135
Calculate the remainder when 13388 is divided by 6100.
1188
Calculate the remainder when 3943038 is divided by 976.
974
Calculate the remainder when 3045 is divided by 239.
177
Calculate the remainder when 2470 is divided by 1227.
16
What is the remainder when 341070 is divided by 68212?
10
What is the remainder when 548166 is divided by 137040?
6
Calculate the remainder when 841 is divided by 479.
362
What is the remainder when 5830 is divided by 161?
34
What is the remainder when 78118 is divided by 14?
12
What is the remainder when 31316 is divided by 363?
98
Calculate the remainder when 6547895 is divided by 1592.
1591
Calculate the remainder when 5671 is divided by 1872.
55
What is the remainder when 2290 is divided by 703?
181
Calculate the remainder when 360818 is divided by 213.
209
What is the remainder when 87505 is divided by 30?
25
Calculate the remainder when 270506 is divided by 135242.
22
Calculate the remainder when 37598 is divided by 235.
233
Calculate the remainder when 4199 is divided by 114.
95
What is the remainder when 492 is divided by 80?
12
Calculate the remainder when 3900 is divided by 574.
456
What is the remainder when 8378 is divided by 1232?
986
What is the remainder when 64311 is divided by 110?
71
Calculate the remainder when 2627 is divided by 1294.
39
Calculate the remainder when 1594 is divided by 100.
94
What is the remainder when 546754 is divided by 276?
274
What is the remainder when 31947 is divided by 55?
47
Calculate the remainder when 97223 is divided by 223.
218
What is the remainder when 322274 is divided by 19?
15
What is the remainder when 621 is divided by 105?
96
Calculate the remainder when 132249 is divided by 95.
9
What is the remainder when 8935 is divided by 18?
7
What is the remainder when 4235 is divided by 7?
0
What is the remainder when 2968 is divided by 632?
440
What is the remainder when 57013 is divided by 348?
289
Calculate the remainder when 96494 is divided by 105.
104
Calculate the remainder when 37352 is divided by 21.
14
Calculate the remainder when 1615947 is divided by 175.
172
What is the remainder when 893292 is divided by 44664?
12
What is the remainder when 15868 is divided by 111?
106
What is the remainder when 9640 is divided by 57?
7
Calculate the remainder when 1065207 is divided by 22.
11
Calculate the remainder when 7836 is divided by 710.
26
Calculate the remainder when 25927 is divided by 110.
77
Calculate the remainder when 1874 is divided by 306.
38
What is the remainder when 3018 is divided by 57?
54
Calculate the remainder when 2767 is divided by 1380.
7
Calculate the remainder when 67874 is divided by 121.
114
Calculate the remainder when 1656 is divided by 217.
137
Calculate the remainder when 1218 is divided by 463.
292
What is the remainder when 2364 is divided by 11?
10
What is the remainder when 7722 is divided by 7706?
16
Calculate the remainder when 6235051 is divided by 427.
424
Calculate the remainder when 46547 is divided by 6646.
25
Calculate the remainder when 90073 is divided by 58.
57
What is the remainder